1 prime?
True
Is 27661631 prime?
True
Is 5898869 composite?
True
Is 149652091 prime?
False
Is 297628895 a prime number?
False
Is 910603 a composite number?
False
Is 1911811153 a composite number?
True
Is 16261801 a prime number?
True
Is 549862419 a composite number?
True
Is 2598091 prime?
True
Is 244291 a prime number?
True
Is 101958949 prime?
True
Is 1404773 a prime number?
False
Is 56828038 prime?
False
Is 676211 a composite number?
False
Is 42969019 composite?
False
Is 9684931 a prime number?
True
Is 77640529 composite?
False
Is 116993 composite?
False
Is 13664837 prime?
True
Is 45049 composite?
True
Is 37651969 composite?
False
Is 3701021 prime?
True
Is 218573 prime?
False
Is 34861487 prime?
True
Is 179541527 a composite number?
True
Is 1021811005 prime?
False
Is 1231511 prime?
True
Is 20719033 prime?
False
Is 70342439 a prime number?
False
Is 229153 a composite number?
False
Is 1451221 prime?
False
Is 268218799 a prime number?
True
Is 261135977 a prime number?
False
Is 8039051 a prime number?
True
Is 3076987 composite?
True
Is 10824179 a prime number?
True
Is 32700079 a composite number?
False
Is 4897427 a prime number?
False
Is 3504577 prime?
True
Is 14421013 composite?
True
Is 6989161 prime?
False
Is 42405419 prime?
False
Is 35691897 composite?
True
Is 2077483 a prime number?
True
Is 15154883 a composite number?
False
Is 36766399 a composite number?
False
Is 224513 a composite number?
False
Is 17344051 a prime number?
True
Is 157540511 a composite number?
False
Is 2358583 composite?
False
Is 396938 a composite number?
True
Is 11273701 prime?
True
Is 337714739 a composite number?
False
Is 17468251 a prime number?
True
Is 994611 prime?
False
Is 3133029 a prime number?
False
Is 39576893 prime?
True
Is 6346138 a composite number?
True
Is 143324219 composite?
False
Is 217044595 a prime number?
False
Is 6198311 a prime number?
False
Is 866069 prime?
False
Is 9201593 composite?
False
Is 2892371 prime?
True
Is 1653239591 composite?
False
Is 26549303 prime?
False
Is 14120879 a prime number?
False
Is 66611833 a composite number?
False
Is 3679967 a composite number?
False
Is 152352295 a prime number?
False
Is 288462649 composite?
False
Is 14138435 composite?
True
Is 85652167 a composite number?
True
Is 4264889 a prime number?
True
Is 25303849 prime?
True
Is 12370231 prime?
False
Is 173546291 a prime number?
True
Is 8131829 composite?
True
Is 66600923 prime?
False
Is 56932933 composite?
True
Is 367049 prime?
True
Is 766633331 a composite number?
False
Is 8848297 prime?
False
Is 494911 prime?
False
Is 101019043 a composite number?
False
Is 6485387 a prime number?
True
Is 42552533 a composite number?
True
Is 271364585 a prime number?
False
Is 108079 prime?
True
Is 18697597 composite?
True
Is 583887619 a composite number?
True
Is 2545727 a prime number?
True
Is 17847771 composite?
True
Is 20063557 prime?
True
Is 4140271 a prime number?
False
Is 59005253 prime?
False
Is 839970301 composite?
False
Is 181211339 a composite number?
False
Is 12277001 a prime number?
False
Is 8875183 prime?
True
Is 4749377 composite?
False
Is 2570921 a prime number?
True
Is 10587331 a prime number?
False
Is 2922041 composite?
False
Is 10612589 a prime number?
False
Is 102567889 prime?
True
Is 161036719 a prime number?
False
Is 125368382 composite?
True
Is 42621823 prime?
True
Is 53286829 a composite number?
False
Is 2536841 a prime number?
False
Is 14970623 a prime number?
True
Is 4958489 prime?
False
Is 427913 prime?
True
Is 12061867 composite?
True
Is 2294639 a composite number?
True
Is 217069323 prime?
False
Is 7622519 a composite number?
False
Is 17189143 a composite number?
True
Is 7730311 composite?
False
Is 6534379 a composite number?
False
Is 63247747 a prime number?
True
Is 138055 a prime number?
False
Is 23660743 composite?
False
Is 949782131 a composite number?
False
Is 59626741 a composite number?
True
Is 214310753 prime?
False
Is 9947581 a composite number?
True
Is 1543667 composite?
True
Is 133084499 a composite number?
False
Is 334410589 prime?
True
Is 18189257 a composite number?
False
Is 25997698 a composite number?
True
Is 5473037 a composite number?
True
Is 225650107 a prime number?
True
Is 5864347 prime?
True
Is 46590751 a prime number?
True
Is 248544797 a prime number?
False
Is 3527557 a composite number?
True
Is 100397285 prime?
False
Is 2069831 a prime number?
False
Is 549816931 prime?
True
Is 2843501 composite?
False
Is 2365445 a prime number?
False
Is 1296691 a composite number?
True
Is 126726757 a composite number?
True
Is 4849189 a prime number?
True
Is 38675389 a prime number?
True
Is 2339783 a composite number?
False
Is 735151 a prime number?
False
Is 732373 prime?
True
Is 4429969 composite?
False
Is 15387409 composite?
False
Is 4577177 prime?
False
Is 43246829 prime?
False
Is 5658403 a prime number?
True
Is 2403547 a composite number?
False
Is 282695489 a composite number?
True
Is 747321287 composite?
True
Is 202151 a composite number?
True
Is 115242137 prime?
True
Is 4049197 a prime number?
False
Is 113196983 composite?
True
Is 1021541 a prime number?
True
Is 2377847 prime?
True
Is 9028519 a composite number?
False
Is 102815 a prime number?
False
Is 6325882 composite?
True
Is 9127127 a composite number?
True
Is 4818757 a prime number?
True
Is 2997431 a prime number?
False
Is 3815159 composite?
False
Is 84135413 composite?
False
Is 150260107 a composite number?
True
Is 16129546 prime?
False
Is 106472095 prime?
False
Is 98581859 composite?
True
Is 4426531 composite?
True
Is 7825703 a prime number?
True
Is 4473241 composite?
False
Is 49017349 a composite number?
False
Is 136307518 composite?
True
Is 57082369 composite?
False
Is 27664663 composite?
True
Is 2496187 a prime number?
False
Is 4664321 prime?
True
Is 247143319 composite?
True
Is 59359667 prime?
False
Is 807427337 a composite number?
False
Is 6984049 prime?
False
Is 8952959 prime?
True
Is 20402077 prime?
False
Is 61211 a composite number?
False
Is 414090829 a composite number?
False
Is 19600783 composite?
True
Is 276245251 a composite number?
False
Is 64058317 composite?
False
Is 57561311 a prime number?
False
Is 22400381 prime?
False
Is 5190711 a prime number?
False
Is 7082681 a composite number?
True
Is 8816001 a prime number?
False
Is 12977287 a prime number?
True
Is 1863601 prime?
True
Is 173288749 prime?
True
Is 656723 prime?
False
Is 377327 a prime number?
True
Is 147023609 a prime number?
True
Is 36301877 a composite number?
True
Is 1710216389 composite?
True
Is 79629535 a prime number?
False
Is 8784961 prime?
True
Is 7968911 composite?
False
Is 47327 a composite number?
True
Is 121729 composite?
True
Is 100664467 prime?
True
Is 63718241 a prime number?
True
Is 122315951 prime?
False
Is 4048361 composite?
True
Is 25581749 composite?
False
Is 36041153 a composite number?
True
Is 28875101 composite?
True
Is 23032067 composite?
False
Is 1599061 composite?
True
Is 113442379 prime?
True
Is 5135329 a prime number?
False
Is 279913 prime?
True
Is 351464151 a composite number?
True
Is 1989439 a composite number?
True
Is 5864929 prime?
False
Is 7285747 prime?
False
Is 2003321 a composite number?
False
Is 155776667 composite?
False
Is 2235335 a composite number?
True
Is 14485 prime?
False
Is 147689 composite?
False
Is 45039641 prime?
True
Is 2834957 composite?
True
Is 4906361 a composite number?
False
Is 47541271 a composite number?
False
Is 13365409 a composite number?
False
Is 64407163 a prime number?
False
Is 83195243 a composite number?
True
Is 99266939 composite?
False
Is 282349 a prime number?
True
Is 5841743 a composite number?
False
Is 128063479 prime?
True
Is 275579671 prime?
False
Is 864470687 prime?
True
Is 110711 composite?
False
Is 1464917 a composite number?
False
Is 884573 prime?
True
Is 12780451 a composite number?
True
Is 880631489 composite?
False
Is 23779001 a prime number?
False
Is 25927621 composite?
True
Is 13113377 composite?
False
Is 76687685 a composite number?
True
Is 21547633 composite?
True
Is 4756937 a composite number?
False
Is 95818223 a composite number?
True
Is 65161045 a prime number?
False
Is 8367797 composite?
True
Is 77394827 a composite number?
False
Is 467697593 a composite number?
True
Is 42581099 a prime number?
False
Is 38498462 prime?
False
Is 